{"id":36,"date":"2021-07-28T06:19:41","date_gmt":"2021-07-28T04:19:41","guid":{"rendered":"https:\/\/climatechangedamsafety.com\/?page_id=36"},"modified":"2021-09-06T09:20:23","modified_gmt":"2021-09-06T07:20:23","slug":"published-papers","status":"publish","type":"page","link":"https:\/\/climatechangedamsafety.com\/index.php\/my-research\/published-papers\/","title":{"rendered":"Published papers"},"content":{"rendered":"\n<h2 class=\"has-blue-color has-text-color wp-block-heading\" style=\"font-size:18px\"><span class=\"has-inline-color has-blue-color\">Review article: Climate change impacts on dam safety<\/span><\/h2>\n\n\n\n<div class=\"wp-block-media-text alignwide is-stacked-on-mobile is-vertically-aligned-top\" style=\"grid-template-columns:34% auto\"><figure class=\"wp-block-media-text__media\"><a href=\"https:\/\/climatechangedamsafety.com\/index.php\/research\/published-papers\/climate-change-impacts-on-dams\/\"><img loading=\"lazy\" decoding=\"async\" width=\"600\" height=\"774\" src=\"http:\/\/climatechangedamsafety.com\/wp-content\/uploads\/2021\/08\/Paper_1.png\" alt=\"\" class=\"wp-image-460 size-full\" srcset=\"https:\/\/climatechangedamsafety.com\/wp-content\/uploads\/2021\/08\/Paper_1.png 600w, https:\/\/climatechangedamsafety.com\/wp-content\/uploads\/2021\/08\/Paper_1-233x300.png 233w\" sizes=\"auto, (max-width: 600px) 100vw, 600px\" \/><\/a><\/figure><div class=\"wp-block-media-text__content\">\n<p><strong>Reference:<\/strong> Fluix\u00e1-Sanmart\u00edn, J., Altarejos-Garc\u00eda, L., Morales-Torres, A., and Escuder-Bueno, I. (2018). Review article: Climate change impacts on dam safety. <em>Natural Hazards and Earth System Sciences<\/em>, 18(9), 2471\u20132488.<br><br>This paper contains a complete literature review of the multidisciplinary impacts of climate change affecting dam safety. <\/p>\n<\/div><\/div>\n\n\n\n<p> More info about the paper <a href=\"https:\/\/climatechangedamsafety.com\/index.php\/research\/published-papers\/climate-change-impacts-on-dams\/\" title=\"https:\/\/climatechangedamsafety.com\/index.php\/research\/published-papers\/climate-change-impacts-on-dams\/\">here<\/a>.<\/p>\n\n\n\n<hr class=\"wp-block-separator has-text-color has-background has-dark-gray-background-color has-dark-gray-color\"\/>\n\n\n\n<h2 class=\"has-blue-color has-text-color wp-block-heading\" style=\"font-size:18px\"><span class=\"has-inline-color has-blue-color\">Quantification of climate change impact on dam failure risk under hydrological scenarios: a case study from a Spanish dam<\/span><\/h2>\n\n\n\n<div class=\"wp-block-media-text alignwide is-stacked-on-mobile is-vertically-aligned-top\" style=\"grid-template-columns:34% auto\"><figure class=\"wp-block-media-text__media\"><a href=\"https:\/\/climatechangedamsafety.com\/index.php\/research\/published-papers\/quantification-of-impacts\/\"><img loading=\"lazy\" decoding=\"async\" width=\"600\" height=\"774\" src=\"http:\/\/climatechangedamsafety.com\/wp-content\/uploads\/2021\/08\/Paper_2.png\" alt=\"\" class=\"wp-image-461 size-full\" srcset=\"https:\/\/climatechangedamsafety.com\/wp-content\/uploads\/2021\/08\/Paper_2.png 600w, https:\/\/climatechangedamsafety.com\/wp-content\/uploads\/2021\/08\/Paper_2-233x300.png 233w\" sizes=\"auto, (max-width: 600px) 100vw, 600px\" \/><\/a><\/figure><div class=\"wp-block-media-text__content\">\n<p><strong>Reference:<\/strong> Fluix\u00e1-Sanmart\u00edn, J., Morales-Torres, A., Escuder-Bueno, I., and Paredes-Arquiola, J. (2019). Quantification of climate change impact on dam failure risk under hydrological scenarios: a case study from a Spanish dam. <em>Natural Hazards and Earth System Sciences<\/em>, 19(10), 2117\u20132139.<br><br>This paper presents a procedure for the calculation of climate change impacts on the safety of dams under hydrological scenarios, i.e. where the floods are the main loads to which the dam is subjected. <\/p>\n<\/div><\/div>\n\n\n\n<p>More info about the paper <a href=\"https:\/\/climatechangedamsafety.com\/index.php\/research\/published-papers\/quantification-of-impacts\/\" title=\"https:\/\/climatechangedamsafety.com\/index.php\/research\/published-papers\/quantification-of-impacts\/\">here<\/a>.<\/p>\n\n\n\n<hr class=\"wp-block-separator has-text-color has-background has-dark-gray-background-color has-dark-gray-color is-style-default\"\/>\n\n\n\n<h2 class=\"has-blue-color has-text-color wp-block-heading\" style=\"font-size:18px\"><span class=\"has-inline-color has-blue-color\">Comprehensive decision-making approach for managing time dependent dam risks<\/span><\/h2>\n\n\n\n<div class=\"wp-block-media-text alignwide is-stacked-on-mobile is-vertically-aligned-top\" style=\"grid-template-columns:34% auto\"><figure class=\"wp-block-media-text__media\"><a href=\"https:\/\/climatechangedamsafety.com\/index.php\/research\/published-papers\/managing-time-dependent-risks\/\"><img loading=\"lazy\" decoding=\"async\" width=\"594\" height=\"774\" src=\"http:\/\/climatechangedamsafety.com\/wp-content\/uploads\/2021\/08\/Paper_3.png\" alt=\"\" class=\"wp-image-462 size-full\" srcset=\"https:\/\/climatechangedamsafety.com\/wp-content\/uploads\/2021\/08\/Paper_3.png 594w, https:\/\/climatechangedamsafety.com\/wp-content\/uploads\/2021\/08\/Paper_3-230x300.png 230w\" sizes=\"auto, (max-width: 594px) 100vw, 594px\" \/><\/a><\/figure><div class=\"wp-block-media-text__content\">\n<p><strong>Reference:<\/strong> Fluix\u00e1-Sanmart\u00edn, J., Escuder-Bueno, I., Morales-Torres, A., and Castillo-Rodr\u00edguez, J. T. (2020). Comprehensive decision-making approach for managing time dependent dam risks.<em> Reliability Engineering &amp; System Safety<\/em>, 203, 107100.<br><br>This paper deals with dam risk management in the long term considering the potential evolution of risk with time. A new risk reduction indicator is defined for quantitative assessment of the long-term efficiency of risk reduction measures: the Aggregated Adjusted Cost per Statistical Life Saved (AACSLS).<\/p>\n<\/div><\/div>\n\n\n\n<p>More info about the paper <a href=\"https:\/\/climatechangedamsafety.com\/index.php\/research\/published-papers\/managing-time-dependent-risks\/\" title=\"https:\/\/climatechangedamsafety.com\/index.php\/research\/published-papers\/managing-time-dependent-risks\/\">here<\/a>.<\/p>\n\n\n\n<hr class=\"wp-block-separator has-text-color has-background has-dark-gray-background-color has-dark-gray-color\"\/>\n\n\n\n<h2 class=\"has-blue-color has-text-color wp-block-heading\" style=\"font-size:18px\"><span class=\"has-inline-color has-blue-color\">Accounting for climate change uncertainty in long-term dam risk management<\/span><\/h2>\n\n\n\n<div class=\"wp-block-media-text alignwide is-stacked-on-mobile is-vertically-aligned-top\" style=\"grid-template-columns:34% auto\"><figure class=\"wp-block-media-text__media\"><a href=\"https:\/\/climatechangedamsafety.com\/index.php\/research\/published-papers\/climate-change-uncertainty\/\"><img loading=\"lazy\" decoding=\"async\" width=\"596\" height=\"774\" src=\"http:\/\/climatechangedamsafety.com\/wp-content\/uploads\/2021\/08\/Paper_4.png\" alt=\"\" class=\"wp-image-463 size-full\" srcset=\"https:\/\/climatechangedamsafety.com\/wp-content\/uploads\/2021\/08\/Paper_4.png 596w, https:\/\/climatechangedamsafety.com\/wp-content\/uploads\/2021\/08\/Paper_4-231x300.png 231w\" sizes=\"auto, (max-width: 596px) 100vw, 596px\" \/><\/a><\/figure><div class=\"wp-block-media-text__content\">\n<p><strong>Reference:<\/strong> Fluix\u00e1-Sanmart\u00edn, J., Escuder-Bueno, I., Morales-Torres, A., and Castillo-Rodr\u00edguez, J. T. (2021). Accounting for climate change uncertainty in long-term dam risk management. <em>Journal of Water Resources Planning and Management<\/em>, 147(4), 04021012.<br>The <em>Multi-Prior Weighted Scenarios Ranking<\/em> method is presented in this paper, an innovative approach for dam risks adaptation under the influence of climate uncertainty. This approach is based on robust decision-making strategies coupled with climate scenario probability assignation.<\/p>\n<\/div><\/div>\n\n\n\n<p>More info about the paper <a href=\"https:\/\/climatechangedamsafety.com\/index.php\/research\/published-papers\/climate-change-uncertainty\/\" title=\"https:\/\/climatechangedamsafety.com\/index.php\/research\/published-papers\/climate-change-uncertainty\/\">here<\/a>.<\/p>\n","protected":false},"excerpt":{"rendered":"<p>Review article: Climate change impacts on dam safety Reference: Fluix\u00e1-Sanmart\u00edn, J., Altarejos-Garc\u00eda, L., Morales-Torres, A., and Escuder-Bueno, I. (2018). Review article: Climate change impacts on dam safety. Natural Hazards and Earth System Sciences, 18(9), 2471\u20132488. This paper contains a complete literature review of the multidisciplinary impacts of climate change affecting dam safety. More info about [&hellip;]<\/p>\n","protected":false},"author":1,"featured_media":0,"parent":157,"menu_order":2,"comment_status":"closed","ping_status":"closed","template":"","meta":{"om_disable_all_campaigns":false,"_monsterinsights_skip_tracking":false,"_monsterinsights_sitenote_active":false,"_monsterinsights_sitenote_note":"","_monsterinsights_sitenote_category":0,"footnotes":""},"class_list":["post-36","page","type-page","status-publish","hentry","post-preview"],"aioseo_notices":[],"_links":{"self":[{"href":"https:\/\/climatechangedamsafety.com\/index.php\/wp-json\/wp\/v2\/pages\/36","targetHints":{"allow":["GET"]}}],"collection":[{"href":"https:\/\/climatechangedamsafety.com\/index.php\/wp-json\/wp\/v2\/pages"}],"about":[{"href":"https:\/\/climatechangedamsafety.com\/index.php\/wp-json\/wp\/v2\/types\/page"}],"author":[{"embeddable":true,"href":"https:\/\/climatechangedamsafety.com\/index.php\/wp-json\/wp\/v2\/users\/1"}],"replies":[{"embeddable":true,"href":"https:\/\/climatechangedamsafety.com\/index.php\/wp-json\/wp\/v2\/comments?post=36"}],"version-history":[{"count":23,"href":"https:\/\/climatechangedamsafety.com\/index.php\/wp-json\/wp\/v2\/pages\/36\/revisions"}],"predecessor-version":[{"id":464,"href":"https:\/\/climatechangedamsafety.com\/index.php\/wp-json\/wp\/v2\/pages\/36\/revisions\/464"}],"up":[{"embeddable":true,"href":"https:\/\/climatechangedamsafety.com\/index.php\/wp-json\/wp\/v2\/pages\/157"}],"wp:attachment":[{"href":"https:\/\/climatechangedamsafety.com\/index.php\/wp-json\/wp\/v2\/media?parent=36"}],"curies":[{"name":"wp","href":"https:\/\/api.w.org\/{rel}","templated":true}]}}